61411 prime?
False
Is 157131734 prime?
False
Is 1294393 composite?
False
Is 88682689 a prime number?
False
Is 2368577 a composite number?
False
Is 48218897 composite?
False
Is 3064067 a composite number?
True
Is 1839871 a prime number?
False
Is 25347481 composite?
False
Is 444419 a composite number?
True
Is 59171005 a composite number?
True
Is 92484979 composite?
False
Is 348899399 a prime number?
True
Is 9220307 a composite number?
True
Is 2661103 a prime number?
True
Is 7065143 prime?
True
Is 229382149 a prime number?
True
Is 633739 a prime number?
True
Is 21709 a prime number?
False
Is 19719481 prime?
True
Is 186452933 a composite number?
False
Is 231701 a prime number?
True
Is 596129177 prime?
False
Is 4138933 a composite number?
False
Is 2579147 composite?
True
Is 35736002 prime?
False
Is 17174479 prime?
False
Is 8079521 composite?
False
Is 20124347 a prime number?
False
Is 33608213 composite?
False
Is 5471 a composite number?
False
Is 1196837 a prime number?
True
Is 30289 prime?
False
Is 294200353 prime?
True
Is 1096777 a prime number?
False
Is 3638809 prime?
True
Is 576541457 a composite number?
False
Is 255313 a composite number?
False
Is 87411283 a prime number?
False
Is 3890099 composite?
True
Is 26923357 a prime number?
True
Is 18291931 a prime number?
False
Is 11902123 a composite number?
True
Is 1182211 composite?
False
Is 7106419 a prime number?
True
Is 26936578 a prime number?
False
Is 34255779 composite?
True
Is 1092887 composite?
False
Is 211735577 prime?
False
Is 369942362 a composite number?
True
Is 12320147 a composite number?
True
Is 74794787 prime?
True
Is 3015182 a prime number?
False
Is 27617861 prime?
True
Is 18126359 a composite number?
True
Is 2654147 a prime number?
False
Is 544482262 a composite number?
True
Is 28551997 composite?
False
Is 372201217 prime?
True
Is 24511129 prime?
True
Is 1393571 composite?
True
Is 134776363 a composite number?
True
Is 7580933 prime?
True
Is 9954941 prime?
False
Is 3699583 a prime number?
True
Is 99694871 composite?
False
Is 1183687 prime?
True
Is 1723747 composite?
False
Is 87667891 prime?
True
Is 692028619 composite?
False
Is 27268949 composite?
True
Is 32053751 prime?
True
Is 1115089 prime?
True
Is 1579449 a prime number?
False
Is 1565155 a composite number?
True
Is 31430563 composite?
True
Is 4205483 a composite number?
True
Is 30399617 a composite number?
False
Is 44906089 a prime number?
True
Is 45956839 prime?
False
Is 20373737 a prime number?
True
Is 226742323 a prime number?
False
Is 19920761 a composite number?
True
Is 12454853 a prime number?
True
Is 868771 a prime number?
True
Is 73977073 a composite number?
False
Is 161943703 a prime number?
False
Is 13959937 a composite number?
False
Is 96160189 prime?
False
Is 14593543 a composite number?
True
Is 21117203 a prime number?
True
Is 65203543 composite?
False
Is 1371343 prime?
True
Is 1141957 composite?
True
Is 48837883 a prime number?
True
Is 29223347 a composite number?
True
Is 44692147 a composite number?
False
Is 76388471 a composite number?
False
Is 49296263 a prime number?
True
Is 2102299 prime?
False
Is 13790027 a composite number?
False
Is 3510259 a prime number?
False
Is 118227 composite?
True
Is 8889527 a composite number?
False
Is 241824997 composite?
True
Is 839710997 a composite number?
False
Is 73903931 a prime number?
False
Is 1377967 composite?
False
Is 141185533 prime?
True
Is 10024423 a composite number?
False
Is 444181381 a prime number?
False
Is 2065439 a composite number?
True
Is 4265551 prime?
False
Is 16987991 a prime number?
False
Is 62308823 composite?
True
Is 41139935 prime?
False
Is 417811 a composite number?
False
Is 33845762 a composite number?
True
Is 23105701 composite?
False
Is 61501577 composite?
True
Is 81433361 a prime number?
False
Is 9046523 a prime number?
True
Is 16970099 a prime number?
True
Is 1411387 a composite number?
False
Is 209053259 prime?
True
Is 28743109 a composite number?
True
Is 2778407 a prime number?
False
Is 1690097 a composite number?
False
Is 610031 a composite number?
False
Is 73916959 composite?
False
Is 9605971 a prime number?
True
Is 26042035 a prime number?
False
Is 1807051 a prime number?
False
Is 4494485 a prime number?
False
Is 10598534 a prime number?
False
Is 983543 prime?
False
Is 11231097 a composite number?
True
Is 2230889 a prime number?
False
Is 2207809 prime?
False
Is 32061667 composite?
True
Is 14582734 composite?
True
Is 1050829 a prime number?
False
Is 202996553 a prime number?
False
Is 16610645 composite?
True
Is 21203593 prime?
False
Is 1549021 prime?
False
Is 111280639 a prime number?
False
Is 44691593 a composite number?
False
Is 13002233 a composite number?
False
Is 141755083 composite?
False
Is 1021607 composite?
True
Is 1019357 a composite number?
False
Is 5232187 a composite number?
False
Is 184620353 a prime number?
True
Is 2647313 a composite number?
True
Is 228645997 a prime number?
False
Is 18486343 a composite number?
True
Is 13375691 prime?
False
Is 125273 a composite number?
True
Is 4650781 composite?
False
Is 238877 composite?
False
Is 245519641 a prime number?
False
Is 2131513 prime?
True
Is 490728313 a prime number?
True
Is 33252497 a composite number?
True
Is 4553093 prime?
False
Is 165620483 a composite number?
True
Is 130578281 a composite number?
False
Is 81968791 composite?
False
Is 39981 composite?
True
Is 139997171 composite?
False
Is 16133759 a prime number?
True
Is 127241 composite?
False
Is 1540997 a prime number?
True
Is 41468767 a composite number?
False
Is 13539179 a prime number?
True
Is 22157167 prime?
True
Is 7330207 a composite number?
False
Is 12043411 prime?
False
Is 1429273 a composite number?
True
Is 942096079 prime?
False
Is 42538259 a prime number?
True
Is 28957337 a composite number?
False
Is 4350067 composite?
False
Is 102336227 a composite number?
True
Is 3781639 a prime number?
True
Is 11462497 a prime number?
True
Is 4606153 prime?
True
Is 937877 composite?
False
Is 297317 prime?
True
Is 107538337 a composite number?
False
Is 764591638 composite?
True
Is 9649973 a composite number?
False
Is 39861289 a composite number?
True
Is 3303023 composite?
False
Is 4001707 a prime number?
False
Is 111628183 a prime number?
True
Is 15314647 prime?
True
Is 4682897 a composite number?
True
Is 11315211 a composite number?
True
Is 42301781 a prime number?
True
Is 1512527 a composite number?
False
Is 292265917 a composite number?
True
Is 52314085 composite?
True
Is 10935059 a prime number?
False
Is 7973837 a composite number?
False
Is 1222711 a composite number?
True
Is 133435523 composite?
True
Is 250574161 a composite number?
False
Is 36772223 composite?
False
Is 19314761 a composite number?
False
Is 748567 composite?
False
Is 62457261 prime?
False
Is 25359323 a prime number?
False
Is 670899 prime?
False
Is 93467371 a prime number?
True
Is 2113003 a composite number?
False
Is 9206177 prime?
False
Is 22255265 a prime number?
False
Is 22278163 composite?
False
Is 75082043 composite?
True
Is 262166497 a composite number?
True
Is 30061799 a prime number?
True
Is 13592063 a composite number?
False
Is 133892947 prime?
True
Is 3291437 prime?
True
Is 650144311 composite?
True
Is 303425483 a composite number?
False
Is 144271991 a composite number?
True
Is 927889 a composite number?
True
Is 4997173 composite?
False
Is 11147711 prime?
False
Is 4594649 composite?
False
Is 423909401 prime?
True
Is 196111 composite?
False
Is 18873863 a prime number?
False
Is 127611361 prime?
True
Is 2528277 a prime number?
False
Is 82560655 prime?
False
Is 51985207 prime?
True
Is 37279 a composite number?
True
Is 16671943 prime?
False
Is 435274262 prime?
False
Is 3083359 a composite number?
False
Is 277201 prime?
False
Is 91461605 a composite number?
True
Is 73766821 composite?
True
Is 20273993 a prime number?
False
Is 5501077 prime?
True
Is 776332379 a composite number?
False
Is 112139519 a composite number?
True
Is 423571 prime?
False
Is 33777609 prime?
False
Is 19192651 composite?
False
Is 7580879 composite?
False
Is 854731 a prime number?
False
Is 99916417 composite?
True
Is 14319859 a prime number?
False
Is 49854817 composite?
False
Is 7476951 a prime number?
False
Is 1341397 a prime number?
False
Is 38309933 composite?
False
Is 3220619 